osite?
True
Is 7985 a prime number?
False
Is 22261 prime?
False
Is 28419 a prime number?
False
Is 32539 prime?
False
Is 1176089 composite?
False
Is 505883 a prime number?
False
Is 59333 composite?
False
Is 177209 composite?
False
Is 75883 a prime number?
True
Is 89809 a prime number?
True
Is 58631 prime?
True
Is 3505 prime?
False
Is 294979 a prime number?
True
Is 51173 a composite number?
True
Is 852571 a prime number?
False
Is 80686 composite?
True
Is 3545 a prime number?
False
Is 57961 a prime number?
False
Is 235099 composite?
False
Is 33379 a composite number?
True
Is 67369 a prime number?
True
Is 19277 a prime number?
False
Is 46039 a composite number?
True
Is 77423 a prime number?
False
Is 943421 a composite number?
False
Is 95531 a composite number?
False
Is 55511 a prime number?
True
Is 443 composite?
False
Is 115273 composite?
True
Is 766459 a composite number?
True
Is 4391 composite?
False
Is 1543 composite?
False
Is 1979 a prime number?
True
Is 28211 a composite number?
False
Is 5141 composite?
True
Is 5273 composite?
False
Is 106487 composite?
False
Is 18173 a composite number?
True
Is 1355 composite?
True
Is 91493 a composite number?
False
Is 21059 composite?
False
Is 153817 a composite number?
False
Is 8146 prime?
False
Is 1867 composite?
False
Is 1299673 composite?
False
Is 8663 prime?
True
Is 3903007 a prime number?
True
Is 12791 composite?
False
Is 5951 a prime number?
False
Is 14851 prime?
True
Is 10661 a prime number?
False
Is 12203 a prime number?
True
Is 238019 a prime number?
True
Is 7201 prime?
False
Is 58511 composite?
False
Is 507901 composite?
False
Is 33809 a composite number?
False
Is 1226429 composite?
True
Is 1681 a prime number?
False
Is 288739 a composite number?
True
Is 60209 a composite number?
False
Is 408533 prime?
True
Is 786127 prime?
True
Is 129547 composite?
True
Is 8483 a composite number?
True
Is 31561 prime?
False
Is 29629 a prime number?
True
Is 132137 a composite number?
False
Is 8741 a prime number?
True
Is 88183 prime?
False
Is 7003 composite?
True
Is 1209361 a prime number?
False
Is 8641 a prime number?
True
Is 28043 a composite number?
True
Is 31561 composite?
True
Is 28513 a prime number?
True
Is 74411 composite?
False
Is 93307 prime?
True
Is 32329 prime?
False
Is 149749 composite?
False
Is 327685 composite?
True
Is 17377 composite?
False
Is 227251 a composite number?
False
Is 8717 composite?
True
Is 8501 a prime number?
True
Is 118099 a prime number?
False
Is 88493 composite?
False
Is 62774 composite?
True
Is 1949 a prime number?
True
Is 410474 prime?
False
Is 7901 a prime number?
True
Is 76753 a composite number?
False
Is 1969 prime?
False
Is 1140487 a composite number?
False
Is 64691 prime?
False
Is 364745 a composite number?
True
Is 11513 composite?
True
Is 120193 composite?
False
Is 10589 prime?
True
Is 145357 prime?
False
Is 10813 a prime number?
False
Is 5207 prime?
False
Is 1946369 prime?
True
Is 5989 composite?
True
Is 12563 a prime number?
False
Is 11599 a composite number?
True
Is 16723 a prime number?
False
Is 62993 a prime number?
False
Is 594219 a prime number?
False
Is 631 prime?
True
Is 10391 a prime number?
True
Is 10109 composite?
True
Is 863953 a prime number?
False
Is 21713 composite?
False
Is 64831 a composite number?
True
Is 46439 a prime number?
True
Is 3343 composite?
False
Is 20011 prime?
True
Is 306991 prime?
True
Is 6671 a prime number?
False
Is 11777 a composite number?
False
Is 7631 composite?
True
Is 163435 composite?
True
Is 176041 a prime number?
True
Is 86743 a prime number?
True
Is 582719 prime?
True
Is 1019971 prime?
True
Is 212599 composite?
True
Is 35333 a composite number?
True
Is 16505 composite?
True
Is 24407 a composite number?
False
Is 996641 composite?
True
Is 7867 prime?
True
Is 77111 a prime number?
False
Is 764783 composite?
False
Is 19841 a composite number?
False
Is 71531 a prime number?
False
Is 729191 a prime number?
True
Is 12773 composite?
True
Is 740965 composite?
True
Is 192199 a composite number?
True
Is 146669 a composite number?
False
Is 57899 prime?
True
Is 1216217 prime?
False
Is 3557 a composite number?
False
Is 11959 a prime number?
True
Is 17093 a prime number?
True
Is 3291 composite?
True
Is 21711 a prime number?
False
Is 119687 a composite number?
False
Is 1614313 a prime number?
False
Is 2394731 composite?
False
Is 191617 a prime number?
False
Is 14591 composite?
False
Is 2361 a prime number?
False
Is 8887 prime?
True
Is 38017 prime?
False
Is 1650907 prime?
True
Is 287291 composite?
False
Is 47473 a composite number?
True
Is 5713 prime?
False
Is 2470862 composite?
True
Is 199961 composite?
False
Is 86626 a composite number?
True
Is 210071 prime?
True
Is 2081 a composite number?
False
Is 5779 a composite number?
False
Is 547 prime?
True
Is 88207 composite?
True
Is 38039 prime?
True
Is 536491 prime?
True
Is 280907 composite?
True
Is 74587 composite?
False
Is 60143 composite?
True
Is 130481 a prime number?
False
Is 83417 prime?
True
Is 10937 composite?
False
Is 102293 a prime number?
True
Is 870069 a prime number?
False
Is 2927 prime?
True
Is 68245 a composite number?
True
Is 95389 prime?
False
Is 26521 composite?
True
Is 526181 a prime number?
False
Is 11483 composite?
False
Is 13829 composite?
False
Is 4822 a composite number?
True
Is 102957 prime?
False
Is 9101 a composite number?
True
Is 145393 a prime number?
False
Is 293 a prime number?
True
Is 293201 a prime number?
True
Is 333097 a composite number?
False
Is 3953 prime?
False
Is 7669 a composite number?
False
Is 94277 prime?
False
Is 9521 a composite number?
False
Is 121831 prime?
False
Is 521107 prime?
True
Is 10391 prime?
True
Is 3122447 a composite number?
False
Is 24281 prime?
True
Is 1095671 prime?
True
Is 134 composite?
True
Is 26093 composite?
True
Is 1938419 composite?
True
Is 7679 prime?
False
Is 49363 a composite number?
False
Is 533 prime?
False
Is 267779 composite?
True
Is 65281 prime?
False
Is 1417831 a composite number?
False
Is 10774 composite?
True
Is 1048463 a prime number?
False
Is 42199 a composite number?
True
Is 990461 a composite number?
True
Is 8659 a composite number?
True
Is 13873 composite?
False
Is 631342 prime?
False
Is 321961 composite?
False
Is 18617 a composite number?
False
Is 96893 a composite number?
False
Is 138163 composite?
False
Is 119083 prime?
True
Is 53047 composite?
False
Is 9871 prime?
True
Is 79385 composite?
True
Is 8117 a composite number?
False
Is 3391 a prime number?
True
Is 50327 a composite number?
True
Is 21737 a composite number?
False
Is 253 prime?
False
Is 7669 a composite number?
False
Is 29983 prime?
True
Is 153251 a composite number?
True
Is 4777 composite?
True
Is 1352219 a prime number?
False
Is 8879 a prime number?
False
Is 1231453 composite?
False
Is 503 a prime number?
True
Is 1412041 a composite number?
False
Is 292427 composite?
False
Is 56359 a prime number?
True
Is 541579 composite?
False
Is 19973 a composite number?
False
Is 1606445 a composite number?
True
Is 1643 a composite number?
True
Is 683153 composite?
True
Is 188341 a prime number?
False
Is 93683 composite?
False
Is 4721 composite?
False
Is 130945 a prime number?
False
Is 534073 a prime number?
True
Is 90962 prime?
False
Is 1943 composite?
True
Is 15623 a prime number?
False
Is 11459 prime?
False
Is 458747 a composite number?
False
Is 14493 a composite number?
True
Is 90967 a prime number?
False
Is 67681 composite?
True
Is 5932865 prime?
False
Is 3178003 a composite number?
False
Is 8261 prime?
False
Is 1937809 composite?
True
Is 7187 composite?
False
Is 95429 a composite number?
False
Is 1688603 a composite number?
True
Is 373727 prime?
False
Is 28687 a composite number?
False
Is 288877 prime?
True
Is 889 composite?
True
Is 54737 a composite number?
True
Is 3641 a prime number?
False
Is 143993 a prime number?
False
Is 5669 a prime number?
True
Is 1039 composite?
False
Is 187445 prime?
False
Is 2533 a composite number?
True
Is 107969 prime?
False
Is 380533 a composite number?
False
Is 165098 a prime number?
False
Is 293489 composite?
True
Is 177677 a prime number?
True
Is 3223 composite?
True
Is 47801 composite?
True
Is 65903 a composite number?
True
Is 92522 a prime number?
False
Is 10471 composite?
True
Is 66221 a prime number?
True
Is 6947 pri